e ten thousands digit of 2899085792?
8
What is the tens digit of 249150142?
4
What is the ten thousands digit of 461948946?
4
What is the units digit of 30324147?
7
What is the hundreds digit of 128407242?
2
What is the ten thousands digit of 804429345?
2
What is the hundred millions digit of 155349561?
1
What is the hundred millions digit of 320491456?
3
What is the ten thousands digit of 141187349?
8
What is the ten thousands digit of 178287803?
8
What is the tens digit of 543764105?
0
What is the hundred thousands digit of 5933645546?
6
What is the tens digit of 2442640760?
6
What is the ten millions digit of 1747480434?
4
What is the hundreds digit of 55897174?
1
What is the hundred thousands digit of 513912790?
9
What is the millions digit of 203662070?
3
What is the thousands digit of 613220030?
0
What is the ten thousands digit of 62746174?
4
What is the hundred thousands digit of 321344005?
3
What is the tens digit of 131819857?
5
What is the millions digit of 2240653991?
0
What is the hundred millions digit of 1958022850?
9
What is the thousands digit of 147488839?
8
What is the units digit of 3308634588?
8
What is the hundred millions digit of 719619854?
7
What is the units digit of 4720458555?
5
What is the tens digit of 66673963?
6
What is the tens digit of 203805984?
8
What is the billions digit of 3835276732?
3
What is the units digit of 64736993?
3
What is the hundred thousands digit of 2676678154?
6
What is the hundred thousands digit of 172623423?
6
What is the millions digit of 403114406?
3
What is the hundreds digit of 26668543?
5
What is the thousands digit of 9135815?
5
What is the tens digit of 135355259?
5
What is the tens digit of 135245142?
4
What is the hundred millions digit of 6455229825?
4
What is the hundred millions digit of 8873648320?
8
What is the millions digit of 350028771?
0
What is the hundred thousands digit of 70038531?
0
What is the ten millions digit of 97591303?
9
What is the thousands digit of 13350783?
0
What is the units digit of 2031029307?
7
What is the ten thousands digit of 5574941849?
4
What is the thousands digit of 556179033?
9
What is the hundreds digit of 475264189?
1
What is the ten millions digit of 74688377?
7
What is the hundred millions digit of 683467926?
6
What is the ten millions digit of 758093266?
5
What is the ten thousands digit of 80317923?
1
What is the thousands digit of 104384897?
4
What is the millions digit of 377643537?
7
What is the tens digit of 127462244?
4
What is the hundred thousands digit of 18759297?
7
What is the ten thousands digit of 182614980?
1
What is the ten millions digit of 4768133005?
6
What is the units digit of 60543417?
7
What is the hundreds digit of 879187679?
6
What is the thousands digit of 2459722835?
2
What is the hundreds digit of 60030530?
5
What is the millions digit of 140559958?
0
What is the hundreds digit of 462640835?
8
What is the billions digit of 3027530739?
3
What is the billions digit of 5912967046?
5
What is the tens digit of 566550516?
1
What is the hundreds digit of 40167847?
8
What is the thousands digit of 4545091069?
1
What is the hundred thousands digit of 366942038?
9
What is the hundreds digit of 500481417?
4
What is the units digit of 375583440?
0
What is the millions digit of 36184771?
6
What is the billions digit of 2551278654?
2
What is the hundreds digit of 62495969?
9
What is the hundreds digit of 654255777?
7
What is the ten millions digit of 652039691?
5
What is the hundreds digit of 224923540?
5
What is the units digit of 33750034?
4
What is the thousands digit of 397368048?
8
What is the ten thousands digit of 59162741?
6
What is the millions digit of 198573945?
8
What is the units digit of 23157250?
0
What is the hundreds digit of 921466667?
6
What is the ten thousands digit of 110529206?
2
What is the millions digit of 8509319318?
9
What is the tens digit of 107283951?
5
What is the units digit of 26733221?
1
What is the tens digit of 20403558?
5
What is the thousands digit of 6791827422?
7
What is the ten millions digit of 800606966?
0
What is the ten thousands digit of 79960629?
6
What is the millions digit of 939143800?
9
What is the tens digit of 45047049?
4
What is the billions digit of 1426569758?
1
What is the ten thousands digit of 63543275?
4
What is the units digit of 340118168?
8
What is the thousands digit of 2963452361?
2
What is the millions digit of 2429174080?
9
What is the hundreds digit of 2647338095?
0
What is the millions digit of 473468340?
3
What is the millions digit of 2372424992?
2
What is the thousands digit of 441642334?
2
What is the hundred thousands digit of 286053793?
0
What is the ten thousands digit of 1639081459?
8
What is the hundred thousands digit of 4137669927?
6
What is the hundreds digit of 962137630?
6
What is the hundred thousands digit of 30176657?
1
What is the ten thousands digit of 42375468?
7
What is the ten millions digit of 4099235802?
9
What is the hundred thousands digit of 1618702700?
7
What is the ten thousands digit of 470938504?
3
What is the thousands digit of 133126309?
6
What is the units digit of 85100809?
9
What is the ten thousands digit of 175832941?
3
What is the hundreds digit of 241868999?
9
What is the ten millions digit of 3604166628?
0
What is the hundred millions digit of 519469197?
5
What is the millions digit of 6129841054?
9
What is the ten millions digit of 13901505?
1
What is the units digit of 123927096?
6
What is the hundred thousands digit of 589699340?
6
What is the thousands digit of 831238182?
8
What is the thousands digit of 2769183176?
3
What is the units digit of 951730113?
3
What is the hundred thousands digit of 504068231?
0
What is the hundreds digit of 39419156?
1
What is the ten millions digit of 2559978577?
5
What is the ten thousands digit of 313589856?
8
What is the millions digit of 130911718?
0
What is the millions digit of 222374512?
2
What is the ten thousands digit of 337449894?
4
What is the thousands digit of 195720796?
0
What is the hundred millions digit of 458542266?
4
What is the hundred thousands digit of 20365837?
3
What is the hundred thousands digit of 638886087?
8
What is the hundred thousands digit of 1375193919?
1
What is the tens digit of 125336534?
3
What is the hundred millions digit of 2909634191?
9
What is the hundred thousands digit of 90793109?
7
What is the millions digit of 219792812?
9
What is the millions digit of 44004867?
4
What is the ten millions digit of 176937993?
7
What is the tens digit of 45644399?
9
What is the ten thousands digit of 40983595?
8
What is the millions digit of 2118600493?
8
What is the units digit of 120227541?
1
What is the hundreds digit of 359969001?
0
What is the thousands digit of 2669182624?
2
What is the millions digit of 574834238?
4
What is the hundred millions digit of 1584587524?
5
What is the millions digit of 8300395829?
0
What is the ten thousands digit of 67952708?
5
What is the millions digit of 19912232?
9
What is the thousands digit of 75317469?
7
What is the millions digit of 634449153?
4
What is the thousands digit of 343485182?
5
What is the units digit of 660409539?
9
What is the millions digit of 1952922669?
2
What is the tens digit of 144583990?
9
What is the tens digit of 48713869?
6
What is the ten millions digit of 1092043087?
9
What is the thousands digit of 131565701?
5
What is the hundred millions digit of 239787597?
2
What is the units digit of 91614841?
1
What is the millions digit of 1135502303?
5
What is the thousands digit of 463548176?
8
What is the thousands digit of 13105577?
5
What is the millions digit of 42124214?
2
What is the thousands digit of 124632136?
2
What is the billions digit of 5386548669?
5
What is the tens digit of 404187756?
5
What is the ten millions digit of 213870442?
1
What is the millions digit of 672876027?
2
What is the thousands digit of 67684946?
4
What is the units digit of 715615193?
3
What is the tens digit of 553361669?
6
What is the thousands digit of 2272707116?
7
What is the ten millions digit of 2205467025?
0
What is the hundreds digit of 55673257?
2
What is the tens digit of 28784591?
9
What is the hundreds digit of 29899789?
7
What is the thousands digit of 581895799?
5
What is the hundreds 